se 5*w - 24 - 31 = n. What are the prime factors of w?
11
Let v be (-4)/(-14) - 8/28. Suppose v = -3*p + 8*p. Suppose 2*z = 3*j - p*j + 40, j + 40 = 2*z. List the prime factors of z.
2, 5
Let r be 1/5 - (-548)/10. Suppose 0 = -3*m - r - 2. Let n = -8 - m. What are the prime factors of n?
11
Suppose -122 = -n - 3*k, -69 = -n + 5*k + 77. What are the prime factors of n?
131
Let p = 46 - -17. Suppose 3*s - p = 2*c, 0 = -2*s + 4*s + c - 49. Suppose -4*w = -17 - s. What are the prime factors of w?
2, 5
Let n = -6 + 4. Let q(j) = j**2 + j + 1. Let i be q(n). Let p = i + 3. List the prime factors of p.
2, 3
Suppose -5*l - 2*t - 50 = 0, 41 = -3*l + 2*t - t. Let k = 31 - 43. What are the prime factors of (-117)/k - 3/l?
2, 5
Let f(k) = -2*k + 3. Suppose -3*u = -2*u - 6. Let a(c) = -c**3 + 7*c**2 - 8*c + 6. Let j be a(u). List the prime factors of f(j).
3, 5
Let v = 0 - 1. Let n be (v - 4)/(7/(-161)). Suppose 8*h = 3*h - 3*m + n, -5*h = -2*m - 90. What are the prime factors of h?
2, 5
Let k = 1 - 4. Let r be 32/12*k/2. List the prime factors of 2/r + 28/8.
3
What are the prime factors of (-148 + -2)*(-10 - -9)?
2, 3, 5
Suppose 0 = 3*r - 6*r + 60. List the prime factors of r.
2, 5
Let c(f) = -16*f - 6. Let n(m) = -11*m - 4. Let d(q) = 5*c(q) - 7*n(q). Suppose 2*x - 3*s = -0*x - 6, -5*s = 4*x + 34. What are the prime factors of d(x)?
2
Let f(l) = 4*l**2 + 8*l + 7. What are the prime factors of f(-5)?
67
Suppose -o + 2*o + 4*t = 0, 4*o - 3*t = 76. List the prime factors of o.
2
Let l = 6 - 31. Let f = 17 + l. Let i = 19 + f. What are the prime factors of i?
11
Let m(o) be the third derivative of -o**5/12 + o**3/3 - 3*o**2. Let a(w) = -14*w**2 + w + 6. Let j(h) = -3*a(h) + 8*m(h). List the prime factors of j(-2).
2, 3
Let x(v) = -v**3 + 4*v**2 + 5*v + 5. Let f be x(5). Let l(k) = -f*k**3 - 1 - 9*k**3 + 2*k**3. List the prime factors of l(-1).
11
Suppose 2*s + 2*s = 4. What are the prime factors of (s - -2) + -1 + 3?
5
Suppose -442 = 15*q - 17*q. List the prime factors of q.
13, 17
Suppose 0 = -0*d - 2*d + 8. What are the prime factors of d?
2
Let l(j) = -j**3 + 4*j**2 + 7*j - 5. Let w be l(5). Suppose 0*y - 5*y + 109 = -3*n, -w*n = -2*y + 36. What are the prime factors of 16/(-24) + y/3?
7
Suppose 177 = 2*p + 13. List the prime factors of p.
2, 41
Let a(x) = x - 5. Let h be a(9). Suppose -4*n + 3*k + 32 = 0, 0 = -h*n + 2*k - 0*k + 28. What are the prime factors of n?
5
Let l(b) = b - 14. Let f be l(6). Let u(d) = -d**2 - 13*d - 12. List the prime factors of u(f).
2, 7
Let c = -8 + 11. Suppose c*o = -4*h + 155 - 36, -2*h + 41 = o. What are the prime factors of o?
37
Let d be -4*(-3)/6*2. Suppose -d*i + 71 = -u, 4*i - u - 67 = 4*u. List the prime factors of i.
2, 3
Suppose 0*d + 5*d + 5*o - 50 = 0, -o - 29 = -2*d. Suppose -c + d = 3. What are the prime factors of c?
2, 5
Let o(z) = z**3 - 11*z**2 + 9*z + 12. Let t be o(10). Suppose 0 = -2*c - 3*q + 23, -t*q = -3*c + 32 + 22. What are the prime factors of c?
2
Let q(p) = p**3 - p**2. Let n be q(1). Suppose 0 = -n*l - l. Suppose l = -2*w + 5*w + 4*s - 29, 0 = s + 1. What are the prime factors of w?
11
Let j(z) = 7*z + 2. Let b be j(-2). Let q = 47 + -18. Let r = b + q. List the prime factors of r.
17
Suppose -5*r + 3*p + 0 + 1 = 0, 5*p - 11 = 2*r. Let f be (2/3)/(r/9). Suppose f*i = -4*v + 7*i + 60, i = -5*v + 57. What are the prime factors of v?
2, 3
Let d(a) be the second derivative of -a**5/20 + a**4/12 + 3*a. Let m be d(2). Let c = 0 - m. What are the prime factors of c?
2
Suppose 0 = -n + 2*l + 46, 0*n - 217 = -4*n - 3*l. What are the prime factors of n?
2, 13
Let i(w) = 2*w**2 - 10*w + 3. Let v(z) = z**2 - 9*z + 4. Let o(l) = 3*i(l) - 4*v(l). Let m be ((-15)/(-6))/((-4)/8). What are the prime factors of o(m)?
13
Suppose -5*a = q + 2*q - 7, -5*a + q = -11. Suppose -a*z - 12 = -2*k, -4*k - z - z = -36. Suppose -g - 3*g = -k. What are the prime factors of g?
2
Let j be (-45)/(-25) + (-1)/(-5). List the prime factors of ((-12)/(-18))/(j/42).
2, 7
Let h(m) be the third derivative of -m**4/6 + m**3/2 + 2*m**2. List the prime factors of h(-4).
19
Let u = 3 - -1. Let x(q) = 2*q - 5. Let c be x(u). Let g(s) = -s**2 + 3*s + 4. What are the prime factors of g(c)?
2
Suppose 4*w + 14 = -5*a - 4, 3*w + 2*a + 10 = 0. What are the prime factors of -1*2 + w + 8?
2
Suppose -920 = -5*d + 760. List the prime factors of d.
2, 3, 7
Let j = -8 + 6. Let v be 2 + (j + 1 - -1). Let s = v + 7. List the prime factors of s.
3
Let v = -10 - 9. Let b = v - -45. Suppose 4*q = 10 + b. What are the prime factors of q?
3
Suppose -5*w + w + 16 = 0. Suppose -w = -4*x + 100. What are the prime factors of x?
2, 13
Let r = 6 + -4. Suppose r*c - 13 = -0*c + i, 5*i - 61 = -4*c. Suppose 13 = q - c. What are the prime factors of q?
2, 11
Suppose 4*f - 75 = 3*c, -3*c - 7 + 4 = 0. What are the prime factors of f?
2, 3
Suppose -g + 2*f - 6*f = 8, g + 4 = -2*f. Suppose 55 = 5*n + 3*m, -5*n + g*n + 55 = -4*m. List the prime factors of n.
11
What are the prime factors of 35/21*(-1 + 4)?
5
Let s = 64 + -44. What are the prime factors of s?
2, 5
Let f(y) be the second derivative of 5*y**4/12 + y**3/6 - 2*y. Let t be f(-3). Suppose -6 = 4*k - t. List the prime factors of k.
3
Suppose -28 = -2*l + 6. Let o = 27 - l. List the prime factors of o.
2, 5
Let h(q) = q**3 + 5*q**2 + 3. Let f be h(-5). Let x(b) = -b**2 + 4*b + 3. What are the prime factors of x(f)?
2, 3
Suppose -z - 423 = -2*y, -11*y + 648 = -8*y + 3*z. What are the prime factors of y?
3, 71
Let x(z) = z**2 - 7*z - 8. Let w be x(8). Suppose r - 18 = -4*m, w = -0*r + 2*r - 4. What are the prime factors of m?
2
What are the prime factors of (-1)/(2/181)*-2?
181
Let h(y) = -y - 5. Let x be h(-8). Let j be (-37)/(-3) + (-1)/3. Suppose -a = x*a - j. What are the prime factors of a?
3
Suppose a = -5, 2*x = -0*x + 2*a - 20. Let n = x - -29. List the prime factors of n.
2, 7
Suppose 8*q - 686 = q. List the prime factors of q.
2, 7
Let v(j) = j**2 + 3*j. Suppose 2*l - 2 = -0*l. Let a = l - 6. List the prime factors of v(a).
2, 5
Let q = 47 + -28. Let w = q + -1. What are the prime factors of w?
2, 3
Suppose -3*l + 2*p + 2 = 0, -2*l - 12 = -0*p - 4*p. Let o be 1/l + 388/(-16). List the prime factors of ((-3)/6)/(2/o).
2, 3
Let f be (6/(-8))/((-6)/16). Suppose -f*c + 0 + 4 = 0. List the prime factors of c.
2
Let u(c) = c + 10. Let z be u(-7). Suppose -z*h + 0*h = -3*y - 36, 0 = 2*h + 5*y + 4. Let s = -1 + h. List the prime factors of s.
7
Let u = 6 - 6. Suppose u*b - b - 7 = i, 29 = -2*i - 5*b. List the prime factors of i/(-3) + 30/9.
2
List the prime factors of (-2)/(-13) + (-635)/(-13).
7
Let v = 32 - 19. Suppose v = -2*b + 53. List the prime factors of b.
2, 5
Suppose 0 = -m + 2. What are the prime factors of 24/15*5/m?
2
Let w(j) = 6*j**3. Let h be 5/((-15)/6) + 6. Suppose 0*d + a = -h*d + 2, 0 = -d + 3*a + 7. List the prime factors of w(d).
2, 3
Let t = -14 - -8. Let a be t/21 + 16/7. Suppose a*n = 8 + 4. What are the prime factors of n?
2, 3
Let k(g) be the third derivative of g**5/60 - g**4/8 - g**3 + 2*g**2. Suppose 0 = -4*m - 0*m + 2*p + 14, 3 = p. What are the prime factors of k(m)?
2
Let y = 153 - 89. What are the prime factors of y?
2
Let b(o) = -o**2 + 21*o + 24. List the prime factors of b(11).
2, 67
Let j = 1 - -7. Suppose -a = 3*r - j - 3, -r = -a + 19. What are the prime factors of a?
17
Let z(y) = 3*y. Let m(i) = i**2 - 7*i + 3. Let c be m(7). What are the prime factors of z(c)?
3
Suppose -v = -5*x - 30, 2*x + 5*v + 30 = -3*x. Let w(t) = 2*t + t - 6 - t - 4*t. What are the prime factors of w(x)?
2, 3
Let v(h) = h - 2. Let d be v(0). Let m be (0 + (d - -1))*2. What are the prime factors of -2*m*3/6?
2
Let x(u) = -6*u - 15. What are the prime factors of x(-11)?
3, 17
Suppose 5*h = -4 + 29. Let c = 6 - h. Let d(u) = 6*u**3 + u**2. List the prime factors of d(c).
7
Let y = -22 + 32. Let d = 18 - y. List the prime factors of d.
2
Let b be 0*(1 - 2) + -6. Let y = b - -10. Suppose -i = y*u - 24, 5*u - 3*i + 0*i = 30. What are the prime factors of u?
2, 3
List the prime factors of 12/(3*6/27).
2, 3
Let t(v) = 9*v**2 + 2*v**3 - v**3 + 9 - 2*v**2. List the prime factors of t(-7).
3
Suppose -2*s = -s - 1. Suppose -w = -3*k + s + 2, -6 = 2*w. Suppose -5*i = 4*u - 45, 2*i - 35 = -5*u - k*u. List the 